{"id":531,"date":"2019-10-03T09:55:10","date_gmt":"2019-10-03T07:55:10","guid":{"rendered":"http:\/\/electro-seb.fr\/?page_id=531"},"modified":"2019-10-17T12:13:56","modified_gmt":"2019-10-17T10:13:56","slug":"tarifs-prestations","status":"publish","type":"page","link":"https:\/\/electro-seb.fr\/index.php\/tarifs-prestations\/","title":{"rendered":"Tarifs prestations"},"content":{"rendered":"\t\t<div data-elementor-type=\"wp-page\" data-elementor-id=\"531\" class=\"elementor elementor-531\" data-elementor-settings=\"[]\">\n\t\t\t\t\t\t<div class=\"elementor-inner\">\n\t\t\t\t\t\t\t<div class=\"elementor-section-wrap\">\n\t\t\t\t\t\t\t<section class=\"elementor-section elementor-top-section elementor-element elementor-element-68b7205 elementor-section-boxed elementor-section-height-default elementor-section-height-default\" data-id=\"68b7205\" data-element_type=\"section\">\n\t\t\t\t\t\t<div class=\"elementor-container elementor-column-gap-default\">\n\t\t\t\t\t\t\t<div class=\"elementor-row\">\n\t\t\t\t\t<div class=\"elementor-column elementor-col-100 elementor-top-column elementor-element elementor-element-f64e0bb\" data-id=\"f64e0bb\" data-element_type=\"column\">\n\t\t\t<div class=\"elementor-column-wrap elementor-element-populated\">\n\t\t\t\t\t\t\t<div class=\"elementor-widget-wrap\">\n\t\t\t\t\t\t<div class=\"elementor-element elementor-element-78bd45c elementor-widget-divider--view-line elementor-widget elementor-widget-divider\" data-id=\"78bd45c\" data-element_type=\"widget\" data-widget_type=\"divider.default\">\n\t\t\t\t<div class=\"elementor-widget-container\">\n\t\t\t\t\t<div class=\"elementor-divider\">\n\t\t\t<span class=\"elementor-divider-separator\">\n\t\t\t\t\t\t<\/span>\n\t\t<\/div>\n\t\t\t\t<\/div>\n\t\t\t\t<\/div>\n\t\t\t\t\t\t<\/div>\n\t\t\t\t\t<\/div>\n\t\t<\/div>\n\t\t\t\t\t\t\t\t<\/div>\n\t\t\t\t\t<\/div>\n\t\t<\/section>\n\t\t\t\t<section class=\"elementor-section elementor-top-section elementor-element elementor-element-47f7d6e elementor-section-boxed elementor-section-height-default elementor-section-height-default\" data-id=\"47f7d6e\" data-element_type=\"section\">\n\t\t\t\t\t\t<div class=\"elementor-container elementor-column-gap-default\">\n\t\t\t\t\t\t\t<div class=\"elementor-row\">\n\t\t\t\t\t<div class=\"elementor-column elementor-col-100 elementor-top-column elementor-element elementor-element-9b1eedc\" data-id=\"9b1eedc\" data-element_type=\"column\">\n\t\t\t<div class=\"elementor-column-wrap elementor-element-populated\">\n\t\t\t\t\t\t\t<div class=\"elementor-widget-wrap\">\n\t\t\t\t\t\t<div class=\"elementor-element elementor-element-d79bc01 elementor-widget elementor-widget-heading\" data-id=\"d79bc01\" data-element_type=\"widget\" data-widget_type=\"heading.default\">\n\t\t\t\t<div class=\"elementor-widget-container\">\n\t\t\t<h2 class=\"elementor-heading-title elementor-size-xxl\">Tarifs prestations<\/h2>\t\t<\/div>\n\t\t\t\t<\/div>\n\t\t\t\t\t\t<\/div>\n\t\t\t\t\t<\/div>\n\t\t<\/div>\n\t\t\t\t\t\t\t\t<\/div>\n\t\t\t\t\t<\/div>\n\t\t<\/section>\n\t\t\t\t<section class=\"elementor-section elementor-top-section elementor-element elementor-element-08c9c3b elementor-section-boxed elementor-section-height-default elementor-section-height-default\" data-id=\"08c9c3b\" data-element_type=\"section\">\n\t\t\t\t\t\t<div class=\"elementor-container elementor-column-gap-default\">\n\t\t\t\t\t\t\t<div class=\"elementor-row\">\n\t\t\t\t\t<div class=\"elementor-column elementor-col-50 elementor-top-column elementor-element elementor-element-01a414a\" data-id=\"01a414a\" data-element_type=\"column\">\n\t\t\t<div class=\"elementor-column-wrap elementor-element-populated\">\n\t\t\t\t\t\t\t<div class=\"elementor-widget-wrap\">\n\t\t\t\t\t\t<div class=\"elementor-element elementor-element-4aaed32 elementor-widget elementor-widget-image\" data-id=\"4aaed32\" data-element_type=\"widget\" data-widget_type=\"image.default\">\n\t\t\t\t<div class=\"elementor-widget-container\">\n\t\t\t\t\t\t\t\t<div class=\"elementor-image\">\n\t\t\t\t\t\t\t\t\t\t\t\t<img decoding=\"async\" src=\"https:\/\/electro-seb.fr\/wp-content\/uploads\/elementor\/thumbs\/logo-technicien-a-domiciletransparent-of47e8ek7b3e2yk5on87kljp810qmscmaawmsou18w.png\" title=\"logo technicien a domiciletransparent\" alt=\"logo technicien a domiciletransparent\" \/>\t\t\t\t\t\t\t\t\t\t\t\t\t\t<\/div>\n\t\t\t\t\t\t<\/div>\n\t\t\t\t<\/div>\n\t\t\t\t\t\t<\/div>\n\t\t\t\t\t<\/div>\n\t\t<\/div>\n\t\t\t\t<div class=\"elementor-column elementor-col-50 elementor-top-column elementor-element elementor-element-d5bcba8\" data-id=\"d5bcba8\" data-element_type=\"column\">\n\t\t\t<div class=\"elementor-column-wrap elementor-element-populated\">\n\t\t\t\t\t\t\t<div class=\"elementor-widget-wrap\">\n\t\t\t\t\t\t<div class=\"elementor-element elementor-element-933b388 elementor-widget elementor-widget-heading\" data-id=\"933b388\" data-element_type=\"widget\" data-widget_type=\"heading.default\">\n\t\t\t\t<div class=\"elementor-widget-container\">\n\t\t\t<h2 class=\"elementor-heading-title elementor-size-large\">R\u00e9paration \u00e0 domicile<\/h2>\t\t<\/div>\n\t\t\t\t<\/div>\n\t\t\t\t<div class=\"elementor-element elementor-element-cffe451 elementor-widget-mobile__width-initial elementor-widget elementor-widget-text-editor\" data-id=\"cffe451\" data-element_type=\"widget\" data-widget_type=\"text-editor.default\">\n\t\t\t\t<div class=\"elementor-widget-container\">\n\t\t\t\t\t\t\t\t<div class=\"elementor-text-editor elementor-clearfix\">\n\t\t\t\t<p style=\"text-align: center;\">Pour tous vos appareils \u00e9lectrom\u00e9nager, cela comprend le d\u00e9placement et la main d&rsquo;oeuvre de recherche de panne.<br><br>Prix d\u00e9placement + devis \u00e0 partir de 45 euros, variable selon la distance.<\/p>\n\t\t\t\t\t<\/div>\n\t\t\t\t\t\t<\/div>\n\t\t\t\t<\/div>\n\t\t\t\t\t\t<\/div>\n\t\t\t\t\t<\/div>\n\t\t<\/div>\n\t\t\t\t\t\t\t\t<\/div>\n\t\t\t\t\t<\/div>\n\t\t<\/section>\n\t\t\t\t<section class=\"elementor-section elementor-top-section elementor-element elementor-element-1499b17 elementor-section-boxed elementor-section-height-default elementor-section-height-default\" data-id=\"1499b17\" data-element_type=\"section\">\n\t\t\t\t\t\t<div class=\"elementor-container elementor-column-gap-default\">\n\t\t\t\t\t\t\t<div class=\"elementor-row\">\n\t\t\t\t\t<div class=\"elementor-column elementor-col-50 elementor-top-column elementor-element elementor-element-3740c36\" data-id=\"3740c36\" data-element_type=\"column\">\n\t\t\t<div class=\"elementor-column-wrap elementor-element-populated\">\n\t\t\t\t\t\t\t<div class=\"elementor-widget-wrap\">\n\t\t\t\t\t\t<div class=\"elementor-element elementor-element-4233f99 elementor-widget elementor-widget-image\" data-id=\"4233f99\" data-element_type=\"widget\" data-widget_type=\"image.default\">\n\t\t\t\t<div class=\"elementor-widget-container\">\n\t\t\t\t\t\t\t\t<div class=\"elementor-image\">\n\t\t\t\t\t\t\t\t\t\t\t\t<img decoding=\"async\" src=\"https:\/\/electro-seb.fr\/wp-content\/uploads\/elementor\/thumbs\/outils400pxtransparent-of46553acfd74e23znjigh6nbl9udic6f492ztoxqo.png\" title=\"outils400pxtransparent\" alt=\"outils400pxtransparent\" \/>\t\t\t\t\t\t\t\t\t\t\t\t\t\t<\/div>\n\t\t\t\t\t\t<\/div>\n\t\t\t\t<\/div>\n\t\t\t\t\t\t<\/div>\n\t\t\t\t\t<\/div>\n\t\t<\/div>\n\t\t\t\t<div class=\"elementor-column elementor-col-50 elementor-top-column elementor-element elementor-element-99473f3\" data-id=\"99473f3\" data-element_type=\"column\">\n\t\t\t<div class=\"elementor-column-wrap elementor-element-populated\">\n\t\t\t\t\t\t\t<div class=\"elementor-widget-wrap\">\n\t\t\t\t\t\t<div class=\"elementor-element elementor-element-4ff2a1d elementor-widget elementor-widget-heading\" data-id=\"4ff2a1d\" data-element_type=\"widget\" data-widget_type=\"heading.default\">\n\t\t\t\t<div class=\"elementor-widget-container\">\n\t\t\t<h3 class=\"elementor-heading-title elementor-size-large\">R\u00e9paration en atelier<\/h3>\t\t<\/div>\n\t\t\t\t<\/div>\n\t\t\t\t<div class=\"elementor-element elementor-element-e3bf1ee elementor-widget-mobile__width-initial elementor-widget elementor-widget-text-editor\" data-id=\"e3bf1ee\" data-element_type=\"widget\" data-widget_type=\"text-editor.default\">\n\t\t\t\t<div class=\"elementor-widget-container\">\n\t\t\t\t\t\t\t\t<div class=\"elementor-text-editor elementor-clearfix\">\n\t\t\t\t<p style=\"text-align: center;\">Pour tout appareil \u00e9lectrom\u00e9nager, d\u00e9pos\u00e9 par vos soins dans notre atelier, un devis sera effectuer sur l&rsquo;\u00e9quipement. Ce devis comprend la main-d&rsquo;oeuvre de recherche de panne.<br><br>\n<span style=\"font-size: 20px;\">Prix du devis: 30 euros.<\/span><\/p>\t\t\t\t\t<\/div>\n\t\t\t\t\t\t<\/div>\n\t\t\t\t<\/div>\n\t\t\t\t\t\t<\/div>\n\t\t\t\t\t<\/div>\n\t\t<\/div>\n\t\t\t\t\t\t\t\t<\/div>\n\t\t\t\t\t<\/div>\n\t\t<\/section>\n\t\t\t\t\t\t<\/div>\n\t\t\t\t\t\t<\/div>\n\t\t\t\t\t<\/div>\n\t\t","protected":false},"excerpt":{"rendered":"<p>Tarifs prestations R\u00e9paration \u00e0 domicile Pour tous vos appareils \u00e9lectrom\u00e9nager, cela comprend le d\u00e9placement et la main d&rsquo;oeuvre de recherche de panne. Prix d\u00e9placement + devis \u00e0 partir de 45 euros, variable selon la distance. R\u00e9paration en atelier Pour tout appareil \u00e9lectrom\u00e9nager, d\u00e9pos\u00e9 par vos soins dans notre atelier, un devis sera effectuer sur l&rsquo;\u00e9quipement. &hellip;<\/p>\n<p class=\"read-more\"> <a class=\"\" href=\"https:\/\/electro-seb.fr\/index.php\/tarifs-prestations\/\"> <span class=\"screen-reader-text\">Tarifs prestations<\/span> Lire la suite\u00a0\u00bb<\/a><\/p>\n","protected":false},"author":1,"featured_media":0,"parent":0,"menu_order":0,"comment_status":"closed","ping_status":"closed","template":"","meta":{"sfsi_plus_gutenberg_text_before_share":"","sfsi_plus_gutenberg_show_text_before_share":"","sfsi_plus_gutenberg_icon_type":"","sfsi_plus_gutenberg_icon_alignemt":"","sfsi_plus_gutenburg_max_per_row":"","site-sidebar-layout":"no-sidebar","site-content-layout":"page-builder","ast-main-header-display":"","ast-hfb-above-header-display":"","ast-hfb-below-header-display":"","ast-hfb-mobile-header-display":"","site-post-title":"disabled","ast-breadcrumbs-content":"","ast-featured-img":"disabled","footer-sml-layout":"","theme-transparent-header-meta":"","adv-header-id-meta":"","stick-header-meta":"","header-above-stick-meta":"","header-main-stick-meta":"","header-below-stick-meta":"","footnotes":""},"class_list":["post-531","page","type-page","status-publish","hentry"],"yoast_head":"<!-- This site is optimized with the Yoast SEO plugin v24.9 - https:\/\/yoast.com\/wordpress\/plugins\/seo\/ -->\n<title>Tarifs prestations - Electro SEB<\/title>\n<meta name=\"robots\" content=\"index, follow, max-snippet:-1, max-image-preview:large, max-video-preview:-1\" \/>\n<link rel=\"canonical\" href=\"https:\/\/electro-seb.fr\/index.php\/tarifs-prestations\/\" \/>\n<meta property=\"og:locale\" content=\"fr_FR\" \/>\n<meta property=\"og:type\" content=\"article\" \/>\n<meta property=\"og:title\" content=\"Tarifs prestations - Electro SEB\" \/>\n<meta property=\"og:description\" content=\"Tarifs prestations R\u00e9paration \u00e0 domicile Pour tous vos appareils \u00e9lectrom\u00e9nager, cela comprend le d\u00e9placement et la main d&rsquo;oeuvre de recherche de panne. Prix d\u00e9placement + devis \u00e0 partir de 45 euros, variable selon la distance. R\u00e9paration en atelier Pour tout appareil \u00e9lectrom\u00e9nager, d\u00e9pos\u00e9 par vos soins dans notre atelier, un devis sera effectuer sur l&rsquo;\u00e9quipement. &hellip; Tarifs prestations Lire la suite\u00a0\u00bb\" \/>\n<meta property=\"og:url\" content=\"https:\/\/electro-seb.fr\/index.php\/tarifs-prestations\/\" \/>\n<meta property=\"og:site_name\" content=\"Electro SEB\" \/>\n<meta property=\"article:publisher\" content=\"https:\/\/www.facebook.com\/SebAbitbol\/\" \/>\n<meta property=\"article:modified_time\" content=\"2019-10-17T10:13:56+00:00\" \/>\n<meta property=\"og:image\" content=\"http:\/\/electro-seb.fr\/wp-content\/uploads\/elementor\/thumbs\/logo-technicien-a-domiciletransparent-of47e8ek7b3e2yk5on87kljp810qmscmaawmsou18w.png\" \/>\n<meta name=\"twitter:card\" content=\"summary_large_image\" \/>\n<script type=\"application\/ld+json\" class=\"yoast-schema-graph\">{\"@context\":\"https:\/\/schema.org\",\"@graph\":[{\"@type\":\"WebPage\",\"@id\":\"https:\/\/electro-seb.fr\/index.php\/tarifs-prestations\/\",\"url\":\"https:\/\/electro-seb.fr\/index.php\/tarifs-prestations\/\",\"name\":\"Tarifs prestations - Electro SEB\",\"isPartOf\":{\"@id\":\"https:\/\/electro-seb.fr\/#website\"},\"primaryImageOfPage\":{\"@id\":\"https:\/\/electro-seb.fr\/index.php\/tarifs-prestations\/#primaryimage\"},\"image\":{\"@id\":\"https:\/\/electro-seb.fr\/index.php\/tarifs-prestations\/#primaryimage\"},\"thumbnailUrl\":\"http:\/\/electro-seb.fr\/wp-content\/uploads\/elementor\/thumbs\/logo-technicien-a-domiciletransparent-of47e8ek7b3e2yk5on87kljp810qmscmaawmsou18w.png\",\"datePublished\":\"2019-10-03T07:55:10+00:00\",\"dateModified\":\"2019-10-17T10:13:56+00:00\",\"breadcrumb\":{\"@id\":\"https:\/\/electro-seb.fr\/index.php\/tarifs-prestations\/#breadcrumb\"},\"inLanguage\":\"fr-FR\",\"potentialAction\":[{\"@type\":\"ReadAction\",\"target\":[\"https:\/\/electro-seb.fr\/index.php\/tarifs-prestations\/\"]}]},{\"@type\":\"ImageObject\",\"inLanguage\":\"fr-FR\",\"@id\":\"https:\/\/electro-seb.fr\/index.php\/tarifs-prestations\/#primaryimage\",\"url\":\"http:\/\/electro-seb.fr\/wp-content\/uploads\/elementor\/thumbs\/logo-technicien-a-domiciletransparent-of47e8ek7b3e2yk5on87kljp810qmscmaawmsou18w.png\",\"contentUrl\":\"http:\/\/electro-seb.fr\/wp-content\/uploads\/elementor\/thumbs\/logo-technicien-a-domiciletransparent-of47e8ek7b3e2yk5on87kljp810qmscmaawmsou18w.png\"},{\"@type\":\"BreadcrumbList\",\"@id\":\"https:\/\/electro-seb.fr\/index.php\/tarifs-prestations\/#breadcrumb\",\"itemListElement\":[{\"@type\":\"ListItem\",\"position\":1,\"name\":\"Accueil\",\"item\":\"https:\/\/electro-seb.fr\/\"},{\"@type\":\"ListItem\",\"position\":2,\"name\":\"Tarifs prestations\"}]},{\"@type\":\"WebSite\",\"@id\":\"https:\/\/electro-seb.fr\/#website\",\"url\":\"https:\/\/electro-seb.fr\/\",\"name\":\"Electro SEB\",\"description\":\"Un site cr\u00e9er par S\u00e9bastien Abitbol\",\"publisher\":{\"@id\":\"https:\/\/electro-seb.fr\/#organization\"},\"potentialAction\":[{\"@type\":\"SearchAction\",\"target\":{\"@type\":\"EntryPoint\",\"urlTemplate\":\"https:\/\/electro-seb.fr\/?s={search_term_string}\"},\"query-input\":{\"@type\":\"PropertyValueSpecification\",\"valueRequired\":true,\"valueName\":\"search_term_string\"}}],\"inLanguage\":\"fr-FR\"},{\"@type\":\"Organization\",\"@id\":\"https:\/\/electro-seb.fr\/#organization\",\"name\":\"Electro SEB\",\"url\":\"https:\/\/electro-seb.fr\/\",\"logo\":{\"@type\":\"ImageObject\",\"inLanguage\":\"fr-FR\",\"@id\":\"https:\/\/electro-seb.fr\/#\/schema\/logo\/image\/\",\"url\":\"https:\/\/electro-seb.fr\/wp-content\/uploads\/2019\/10\/cropped-ELECTRO-SEB-LOGO-MODIFIER-OK1-1.png\",\"contentUrl\":\"https:\/\/electro-seb.fr\/wp-content\/uploads\/2019\/10\/cropped-ELECTRO-SEB-LOGO-MODIFIER-OK1-1.png\",\"width\":500,\"height\":400,\"caption\":\"Electro SEB\"},\"image\":{\"@id\":\"https:\/\/electro-seb.fr\/#\/schema\/logo\/image\/\"},\"sameAs\":[\"https:\/\/www.facebook.com\/SebAbitbol\/\"]}]}<\/script>\n<!-- \/ Yoast SEO plugin. -->","yoast_head_json":{"title":"Tarifs prestations - Electro SEB","robots":{"index":"index","follow":"follow","max-snippet":"max-snippet:-1","max-image-preview":"max-image-preview:large","max-video-preview":"max-video-preview:-1"},"canonical":"https:\/\/electro-seb.fr\/index.php\/tarifs-prestations\/","og_locale":"fr_FR","og_type":"article","og_title":"Tarifs prestations - Electro SEB","og_description":"Tarifs prestations R\u00e9paration \u00e0 domicile Pour tous vos appareils \u00e9lectrom\u00e9nager, cela comprend le d\u00e9placement et la main d&rsquo;oeuvre de recherche de panne. Prix d\u00e9placement + devis \u00e0 partir de 45 euros, variable selon la distance. R\u00e9paration en atelier Pour tout appareil \u00e9lectrom\u00e9nager, d\u00e9pos\u00e9 par vos soins dans notre atelier, un devis sera effectuer sur l&rsquo;\u00e9quipement. &hellip; Tarifs prestations Lire la suite\u00a0\u00bb","og_url":"https:\/\/electro-seb.fr\/index.php\/tarifs-prestations\/","og_site_name":"Electro SEB","article_publisher":"https:\/\/www.facebook.com\/SebAbitbol\/","article_modified_time":"2019-10-17T10:13:56+00:00","og_image":[{"url":"http:\/\/electro-seb.fr\/wp-content\/uploads\/elementor\/thumbs\/logo-technicien-a-domiciletransparent-of47e8ek7b3e2yk5on87kljp810qmscmaawmsou18w.png","type":"","width":"","height":""}],"twitter_card":"summary_large_image","schema":{"@context":"https:\/\/schema.org","@graph":[{"@type":"WebPage","@id":"https:\/\/electro-seb.fr\/index.php\/tarifs-prestations\/","url":"https:\/\/electro-seb.fr\/index.php\/tarifs-prestations\/","name":"Tarifs prestations - Electro SEB","isPartOf":{"@id":"https:\/\/electro-seb.fr\/#website"},"primaryImageOfPage":{"@id":"https:\/\/electro-seb.fr\/index.php\/tarifs-prestations\/#primaryimage"},"image":{"@id":"https:\/\/electro-seb.fr\/index.php\/tarifs-prestations\/#primaryimage"},"thumbnailUrl":"http:\/\/electro-seb.fr\/wp-content\/uploads\/elementor\/thumbs\/logo-technicien-a-domiciletransparent-of47e8ek7b3e2yk5on87kljp810qmscmaawmsou18w.png","datePublished":"2019-10-03T07:55:10+00:00","dateModified":"2019-10-17T10:13:56+00:00","breadcrumb":{"@id":"https:\/\/electro-seb.fr\/index.php\/tarifs-prestations\/#breadcrumb"},"inLanguage":"fr-FR","potentialAction":[{"@type":"ReadAction","target":["https:\/\/electro-seb.fr\/index.php\/tarifs-prestations\/"]}]},{"@type":"ImageObject","inLanguage":"fr-FR","@id":"https:\/\/electro-seb.fr\/index.php\/tarifs-prestations\/#primaryimage","url":"http:\/\/electro-seb.fr\/wp-content\/uploads\/elementor\/thumbs\/logo-technicien-a-domiciletransparent-of47e8ek7b3e2yk5on87kljp810qmscmaawmsou18w.png","contentUrl":"http:\/\/electro-seb.fr\/wp-content\/uploads\/elementor\/thumbs\/logo-technicien-a-domiciletransparent-of47e8ek7b3e2yk5on87kljp810qmscmaawmsou18w.png"},{"@type":"BreadcrumbList","@id":"https:\/\/electro-seb.fr\/index.php\/tarifs-prestations\/#breadcrumb","itemListElement":[{"@type":"ListItem","position":1,"name":"Accueil","item":"https:\/\/electro-seb.fr\/"},{"@type":"ListItem","position":2,"name":"Tarifs prestations"}]},{"@type":"WebSite","@id":"https:\/\/electro-seb.fr\/#website","url":"https:\/\/electro-seb.fr\/","name":"Electro SEB","description":"Un site cr\u00e9er par S\u00e9bastien Abitbol","publisher":{"@id":"https:\/\/electro-seb.fr\/#organization"},"potentialAction":[{"@type":"SearchAction","target":{"@type":"EntryPoint","urlTemplate":"https:\/\/electro-seb.fr\/?s={search_term_string}"},"query-input":{"@type":"PropertyValueSpecification","valueRequired":true,"valueName":"search_term_string"}}],"inLanguage":"fr-FR"},{"@type":"Organization","@id":"https:\/\/electro-seb.fr\/#organization","name":"Electro SEB","url":"https:\/\/electro-seb.fr\/","logo":{"@type":"ImageObject","inLanguage":"fr-FR","@id":"https:\/\/electro-seb.fr\/#\/schema\/logo\/image\/","url":"https:\/\/electro-seb.fr\/wp-content\/uploads\/2019\/10\/cropped-ELECTRO-SEB-LOGO-MODIFIER-OK1-1.png","contentUrl":"https:\/\/electro-seb.fr\/wp-content\/uploads\/2019\/10\/cropped-ELECTRO-SEB-LOGO-MODIFIER-OK1-1.png","width":500,"height":400,"caption":"Electro SEB"},"image":{"@id":"https:\/\/electro-seb.fr\/#\/schema\/logo\/image\/"},"sameAs":["https:\/\/www.facebook.com\/SebAbitbol\/"]}]}},"uagb_featured_image_src":{"full":false,"thumbnail":false,"medium":false,"medium_large":false,"large":false,"1536x1536":false,"2048x2048":false},"uagb_author_info":{"display_name":"admin3661","author_link":"https:\/\/electro-seb.fr\/index.php\/author\/admin3661\/"},"uagb_comment_info":0,"uagb_excerpt":"Tarifs prestations R\u00e9paration \u00e0 domicile Pour tous vos appareils \u00e9lectrom\u00e9nager, cela comprend le d\u00e9placement et la main d&rsquo;oeuvre de recherche de panne. Prix d\u00e9placement + devis \u00e0 partir de 45 euros, variable selon la distance. R\u00e9paration en atelier Pour tout appareil \u00e9lectrom\u00e9nager, d\u00e9pos\u00e9 par vos soins dans notre atelier, un devis sera effectuer sur l&rsquo;\u00e9quipement.\u2026","_links":{"self":[{"href":"https:\/\/electro-seb.fr\/index.php\/wp-json\/wp\/v2\/pages\/531","targetHints":{"allow":["GET"]}}],"collection":[{"href":"https:\/\/electro-seb.fr\/index.php\/wp-json\/wp\/v2\/pages"}],"about":[{"href":"https:\/\/electro-seb.fr\/index.php\/wp-json\/wp\/v2\/types\/page"}],"author":[{"embeddable":true,"href":"https:\/\/electro-seb.fr\/index.php\/wp-json\/wp\/v2\/users\/1"}],"replies":[{"embeddable":true,"href":"https:\/\/electro-seb.fr\/index.php\/wp-json\/wp\/v2\/comments?post=531"}],"version-history":[{"count":56,"href":"https:\/\/electro-seb.fr\/index.php\/wp-json\/wp\/v2\/pages\/531\/revisions"}],"predecessor-version":[{"id":1395,"href":"https:\/\/electro-seb.fr\/index.php\/wp-json\/wp\/v2\/pages\/531\/revisions\/1395"}],"wp:attachment":[{"href":"https:\/\/electro-seb.fr\/index.php\/wp-json\/wp\/v2\/media?parent=531"}],"curies":[{"name":"wp","href":"https:\/\/api.w.org\/{rel}","templated":true}]}}